 = -23*g + 6. Calculate the remainder when 10 is divided by g.
1
Let y(j) = -3 + 84*j + 1 - 78*j. What is the remainder when y(3) is divided by 6?
4
Let d(m) = m**3 + 18*m**2 + 15*m - 22. Calculate the remainder when 78 is divided by d(-17).
6
Let l(x) = -41*x - 113. Calculate the remainder when l(-10) is divided by 12.
9
Let h(x) = x**3 + 13*x**2 + 14*x - 66. Calculate the remainder when h(-9) is divided by 73.
59
Suppose -125 = -2*i + 127. What is the remainder when i/4*(2 + (-16)/12) is divided by 9?
3
Let o(j) = -j**2 + 32*j + 19. Calculate the remainder when o(0) is divided by 18.
1
Let n(d) = -d**3 + 13*d**2 + 16*d - 8. Let l be n(14). Let q = -3 + l. What is the remainder when q is divided by (9/(-2))/(1/(-2))?
8
Let p(q) = -26*q + 148. What is the remainder when p(2) is divided by 26?
18
Suppose 0 = -2*a - 10*z + 12*z + 252, 5*a + 2*z = 616. What is the remainder when 264 is divided by a?
16
Suppose -d + 5*d = 84. Suppose -c = -0*i + 3*i - 37, 3*c = 3*i - d. Let n = 35 + 7. Calculate the remainder when n is divided by i.
9
Suppose 107 = y - 327. Suppose -2*u + y = 5*u. What is the remainder when u is divided by 16?
14
Let b = 533 + -400. What is the remainder when b is divided by 50?
33
What is the remainder when (-95)/(-10)*6 - 0 is divided by 30?
27
Calculate the remainder when 127 is divided by 2 + 1 + (0 - -4 - -1).
7
Suppose -101*f - 1624 = -105*f. What is the remainder when f is divided by 19?
7
Let s be (-1 + 27/2)*4. Let b = -37 + s. Calculate the remainder when 24 is divided by b.
11
Let y = -9 + 29. Let x = 221 + -146. What is the remainder when x is divided by y?
15
Let n = -50 + -5. Calculate the remainder when 2/10 + (-2794)/n is divided by 27.
24
Suppose 4*y + 2*h = y - 30, 0 = 4*y - 2*h + 26. Let g(b) = b**3 + 9*b**2 + 8*b + 10. What is the remainder when 27 is divided by g(y)?
7
Suppose 9*x = 6*x + 2*u + 81, 4*u = -4*x + 128. Calculate the remainder when 250 is divided by x.
18
Let b = -889 - -1110. What is the remainder when b is divided by 111?
110
Calculate the remainder when 40 is divided by (45/6)/((-20)/(-24)).
4
Suppose -140 = v - 3*v. Let o = v - 61. What is the remainder when 44 is divided by o?
8
Let i(h) = -h + 56. What is the remainder when 118 is divided by i(13)?
32
Suppose -14*g - 5*v = -10*g - 240, 300 = 5*g + 4*v. What is the remainder when 899 is divided by g?
59
Calculate the remainder when 85 is divided by (-10540)/(-220) + 2/22.
37
Suppose -27*o + 22*o = -2060. What is the remainder when o is divided by 42?
34
Suppose 398 = 5*m + 4*y, m + 4*y - 84 + 14 = 0. Let i(l) = -2*l**3 - 22*l**2 + 23*l + 9. Calculate the remainder when m is divided by i(-12).
19
Let d = 697 - 415. Suppose 0*a = 6*a - d. Let r = 34 - 10. What is the remainder when a is divided by r?
23
Let d(f) = 2*f**2 + f + 2. Calculate the remainder when d(-3) is divided by 297/24 + -2 + (-39)/104.
7
Let v = 37 + -34. Suppose -k = -v*g + 9, -4*g + 3*k - 7 = -19. Suppose 4*b + 4 = 0, -5*u + 10*u = -4*b + 51. Calculate the remainder when u is divided by g.
2
Suppose -p = 11*p - 108. What is the remainder when 157 is divided by p?
4
Suppose 0 = -11*i + 15*i + 120. Let c = i + 66. Calculate the remainder when 105 is divided by c.
33
Let n = 121 - 85. Let g be 9/n + (-1)/4. Suppose 5*o - 185 = -g*o. Calculate the remainder when o is divided by 10.
7
Let x(q) = 11*q + 196. Calculate the remainder when 10 is divided by x(-17).
1
Let w(y) = -y - 10. Let c(l) = -l**3 + 3*l**2 + 2*l - 1. What is the remainder when w(-23) is divided by c(2)?
6
Let y = 241 + -230. What is the remainder when 240 is divided by y?
9
Let u be (-1 - -4) + 4 + -2. Suppose 2*w - u = w. Suppose -70 = -r - 2*g, 0 = 3*r - w*g - 73 - 104. What is the remainder when r is divided by 11?
9
Let f = 2160 - 2097. Calculate the remainder when 624 is divided by f.
57
Let f(i) = 3*i + 39. Let t(j) = -j - 1. Let k(p) = f(p) + 4*t(p). Calculate the remainder when k(18) is divided by 8.
1
Suppose -21*x + 1457 - 491 = 0. Let s(t) = -2*t - 2. What is the remainder when x is divided by s(-7)?
10
Suppose -31*q = -38*q + 98. What is the remainder when q is divided by (-1 + -5)/((-6)/8)?
6
Suppose 5 = 13*r - 12*r. Suppose -5*p = 2*m - 87, 4*m = -3*p + r*p + 162. What is the remainder when 81 is divided by m?
40
Let u = 1560 - 1517. Calculate the remainder when 210 is divided by u.
38
Let z = -8 - -16. Suppose -z*q = -7*q - 106. Calculate the remainder when q is divided by -1 + (-3 - -1 - -30).
25
Suppose 6*b - 46 = 284. Calculate the remainder when b is divided by 19.
17
Let k be ((-8)/1)/(-4)*4. Let u be 4 + k - (-6)/(-2). Suppose -2*c = -u - 7. What is the remainder when 23 is divided by c?
7
Suppose -29*p + 342 = -10*p. Suppose f - u - 124 = 0, -2*f = u + u - 252. Calculate the remainder when f is divided by p.
17
Let p = 100 + -1. Let l = -68 + p. Suppose -4*u + 66 = 2. What is the remainder when l is divided by u?
15
Suppose -3*u - 4*m = 2*u - 849, -2*m + 847 = 5*u. What is the remainder when u is divided by 35?
29
Suppose -4*v = -2*v - 188. What is the remainder when v is divided by (-167)/(-7) - 46/(-322)?
22
Let o be -40*(-7 - 4/(-1)). Suppose -15 = 5*h - o. What is the remainder when (-246)/(1*-3)*1 is divided by h?
19
Let v(o) = o**3 + 18*o**2 - 18*o + 64. Calculate the remainder when v(-19) is divided by 19.
7
Suppose 2*l + 2*s - 1370 = 0, 3*s = 5*l - 2365 - 1028. Calculate the remainder when l is divided by 16.
9
Suppose 8*s = 13*s + 20. Let a(q) = 3*q**2 - 5*q + 3. What is the remainder when a(s) is divided by 18?
17
Let m = -1 - -24. Suppose -3*l = 3*t - 36, -3*t = -l + 3 + 1. What is the remainder when m is divided by (15/(-9))/(l/(-36))?
5
Let k(t) = t**3 + 3*t**2 - 5*t - 3. Let c(a) = a**2. Let q(m) = -4*c(m) - k(m). Calculate the remainder when 107 is divided by q(-8).
26
What is the remainder when (-3 - (-3 - 5)) + 10*64 is divided by 59?
55
Suppose 3*f + 256 = -2*t - 52, 525 = -5*f - t. Let z = -76 - f. What is the remainder when z is divided by 8?
6
Let y = 768 - 537. What is the remainder when y is divided by 26?
23
Let d = 2 - -14. Suppose -2*s = -f + 3*s + 34, 0 = -2*f - 3*s + d. Suppose -3*t + 4 = -4*n - 22, 3*t + 4*n = -f. What is the remainder when 2 is divided by t?
0
Let u(v) = 3*v**2 - 28*v - 25. What is the remainder when u(16) is divided by 12?
7
Let n be ((-6)/8)/(5/(-120)). Suppose -5*p = -3*r - n, 5*r - 12 = p + 2. Suppose p - 1 = x. What is the remainder when x is divided by 2?
1
Let l(y) = -2*y - 14. Let j be l(-12). Suppose 4*a - j = 2*a - 5*n, -3*a + 2 = n. Suppose -3*x + 60 = -a*x. What is the remainder when 79 is divided by x?
19
Let n(t) = -t**2 + 6*t. Suppose 4*h - 2*p = -72 + 318, -5*h - p + 311 = 0. Calculate the remainder when h is divided by n(5).
2
Let y = -16 + 13. Let k be 5 - 0 - (y + 2). Let p = -3 + k. Calculate the remainder when p is divided by 2.
1
Let r = -88 - -56. Let g = -19 - r. Calculate the remainder when 50 is divided by g.
11
Let t(x) = -2*x**2 - x + 4. Let l be t(8). Suppose 7*k = 32753 + 1603. What is the remainder when 2/(-11) - k/l is divided by 10?
7
Suppose 30 = 10*v - 4*v. Calculate the remainder when 31 is divided by (-6 + v)/((-1)/19).
12
Let x(k) = -40*k + 342. What is the remainder when x(-3) is divided by 120?
102
Let n = -2390 - -2539. Let l = -5 + 56. What is the remainder when n is divided by l?
47
Let o be 4 - 1/(2 - 2 - 1). Suppose -2*c - 74 = -o*g, -22 = -2*g - 2*c + 16. What is the remainder when 74 - 1/(2/(-4)) is divided by g?
12
Let q(a) be the first derivative of 4*a**2 - 28*a + 19. Calculate the remainder when 43 is divided by q(5).
7
Let z(w) = -w**2 - w + 4. Let r be z(-5). Let u = 33 - r. Let i = 6 + u. What is the remainder when i is divided by 19?
17
Calculate the remainder when (-11)/(33/(-636)) + 0 is divided by 72.
68
Let l = -2269 + 2337. What is the remainder when 608 is divided by l?
64
Suppose -2*z + 5*y - 69 = -5*z, -4*z = 2*y - 106. Calculate the remainder when (12/15 + (-10)/75)*207 is divided by z.
26
Suppose 18*u - 19*u = 0. Suppose u*d = -5*d + 10. Suppose 3*s = -d*z - 0*z + 37, 0 = 4*z + s - 79. What is the remainder when 37 is divided by z?
17
Let q be 1 + 0 + 1 + 2. Let s = 8 + -10. What is the remainder when (-1)/((q/s)/134) is divided by 17?
16
Let z be 4/2*37/2. Suppose -1 = 6*p - 